, 0 = 2*a + q*b - 140. List the prime factors of a.
2, 37
Let n be (-3)/5*(12 - 7). Let p(y) = -12*y + 3. What are the prime factors of p(n)?
3, 13
Let k = -136 - -427. List the prime factors of k.
3, 97
Suppose 26*k = 35*k - 21411. What are the prime factors of k?
3, 13, 61
Suppose 3*t + 1 = x, -2*x + 5*t = -0*x - 3. Suppose -41 + 499 = 3*v + 5*l, -x*l = -2*v + 342. List the prime factors of v.
7, 23
Let n(f) = -18*f + 2. Let v be n(-2). Suppose -v = -2*r + 28. What are the prime factors of r?
3, 11
Let x(r) = -3*r - 18. Let c be x(-12). Let f(s) = 56*s + 1. Let q be f(1). Let d = q - c. List the prime factors of d.
3, 13
Let k = -511 - -760. List the prime factors of k.
3, 83
Suppose 5*c - 5*z + 20 = 0, -c + 2*z = 6 + 2. Suppose -14*p + 9*p + 380 = c. List the prime factors of p.
2, 19
Suppose -7*o + 5 = -44. Suppose -455 = -o*w + 2*w. List the prime factors of w.
7, 13
Let n(v) = 13*v**2 + 2*v + 8. Let b be n(-7). Suppose 0*y - b = -5*g - 2*y, g = 4*y + 113. Suppose 4*q = -z + g, -2*z + 15 = z. What are the prime factors of q?
2, 3, 5
Let j(g) = g**2 - 22*g - 73. Let a be j(25). Let i = -24 + 42. Suppose -a*w - w = -i. What are the prime factors of w?
2, 3
Let s(j) = 10*j + 23. Suppose 0 = -12*y + 26 + 34. List the prime factors of s(y).
73
Let q = -6 - -9. Suppose -5 = -q*g + 1. List the prime factors of g/(-5) + 102/5.
2, 5
Let h(n) = 16*n - 136. What are the prime factors of h(35)?
2, 53
Let c be (1 + 233 - -1)/((-43)/(-86)). Suppose -9*w + c = -313. List the prime factors of w.
3, 29
Let x be (-7)/(-7)*(0 - 0). Let l = x + -1. What are the prime factors of l + 27 + (5 - 2)?
29
Let y(q) = 45*q - 49. Let f be y(4). Let k = f - 80. What are the prime factors of k?
3, 17
Let q(g) = -3 + 5*g + g + 11*g**3 - 9*g**3. What are the prime factors of q(4)?
149
Let f = 8 - 11. Let r be f/(-9) - 141/(-9). What are the prime factors of 4/r + (-67)/(-4)?
17
Let j(r) = 9*r**2 + 2*r + 1. Suppose 1 = 2*u - 7*u + 2*a, -u + 4*a = -7. List the prime factors of j(u).
2
Suppose -5*h = 3*q + q - 20, 0 = -2*q. List the prime factors of ((1 - h) + 2)*-31.
31
Let t(l) = -l**3 - 28*l**2 + 53*l + 64. List the prime factors of t(-30).
2, 137
Suppose 378 = 3*v - 0*v. Suppose 3*u - v = -0*u. What are the prime factors of u?
2, 3, 7
Let o(b) = 10*b + 4. Let y = -20 + 32. Let f be (-8)/y*(-2 + -1). List the prime factors of o(f).
2, 3
Let v be (-1)/((-4)/2114) + (-7)/14. Let l = -374 + v. List the prime factors of l.
2, 7, 11
Let u(w) = -w**3 + 5*w**2 - w - 3. Let z be u(3). Let t(f) = 3*f**3 - 3*f**3 + 7*f + 30*f**2 - f**3 - 14 + 0*f - 18*f**2. List the prime factors of t(z).
2, 5, 7
Let x be (-2)/(-3)*3/2. List the prime factors of x/(-1) - 26/(-3)*18.
5, 31
Suppose -4*s + 18 = -2*p, -p + 0*p - 3 = s. Let y(w) = 7*w**2 - 41*w - 2. Let d be y(5). What are the prime factors of d/(-12)*9/s?
2, 3
Let v = 489 - -1967. What are the prime factors of v?
2, 307
Let l(h) = 7*h - 20. Suppose 5*q = 3*g - 40, -2*q + 0 = 4*g - 36. List the prime factors of l(g).
2, 5
Let c be 6/(-8)*-12 - 1. Suppose 0 = c*x - 166 - 338. List the prime factors of x.
3, 7
Suppose 4*f - 3*l + 1 = 0, 2*l - 8 = -4*f + 6. Suppose -u = -6*u + 15. Suppose u*h = f*h + 12. List the prime factors of h.
2, 3
Let a(q) = 2*q**3 - 19*q**2 - 12*q + 35. List the prime factors of a(10).
3, 5
Suppose 0 = 194*h - 199*h + 2540. What are the prime factors of h?
2, 127
Let q(c) = 2*c**3 + 3*c**2 + 23*c - 63. List the prime factors of q(12).
3, 1367
Let t(d) = 4*d**3 + 15*d**2 + 5*d - 21. Let x = 4 + 1. Let z(f) = -3*f**3 - 10*f**2 - 3*f + 14. Let b(j) = x*t(j) + 7*z(j). What are the prime factors of b(5)?
13
Let h be 2/5 + (-46)/(-10). Let v(d) = -d**3 + 4*d**2 + 6*d - 3. Let r be v(h). Suppose 3*p - 49 = -r*b, -3*b - b + 94 = 2*p. What are the prime factors of b?
23
Suppose m - 3*g + 1 = -0*m, 16 = 4*g. Let z be 74/(-2) + (m - 12). Let q = z + 65. List the prime factors of q.
3
Suppose 5*b + 3*s - 1151 = 0, 4*s + 940 = -2*b + 6*b. Suppose -2*v + 5*p = v - 190, 4*v - b = -4*p. List the prime factors of v.
2, 3, 5
Let f = 24 + -8. Let h be 1 - -2 - (-2 - f). Suppose h = n - 16. List the prime factors of n.
37
Suppose -111 = -2*p + 5*b, 0 = -0*p - 5*p - b + 318. Let z = 134 - p. List the prime factors of z.
71
Suppose -4 - 21 = -5*o. Suppose -5*p + 444 = -4*m + o*m, p - 90 = m. What are the prime factors of p?
89
Suppose -15*v = 43*v - 5046. List the prime factors of v.
3, 29
Let t be 6/15*(-5 + 0). What are the prime factors of t/(-10) - (-6790)/50?
2, 17
Let c = -141 - -77. What are the prime factors of 2/8 - 6896/c?
2, 3
Let f be 13 - 15 - (-1 - 18). Suppose 11 = 4*y - 2*n + 3*n, 4*y + 3*n - f = 0. What are the prime factors of 1 + 62 + 3 - y?
2
Let d be 9/9 + 0 + 0. Let s(p) = p + d + p**2 - 6*p + 1. What are the prime factors of s(-5)?
2, 13
Let t be 6/2 + 3/(1 + 2). List the prime factors of (115/(8 + -7))/(2/t).
2, 5, 23
Let k(c) = 63*c**2 - 5*c - 12. What are the prime factors of k(-3)?
2, 3, 5, 19
Let l(p) be the second derivative of -3*p**3 - 23*p**2/2 - 7*p. What are the prime factors of l(-7)?
103
Suppose 0*g + 2*g - 5 = -3*u, u - 2*g = 7. Suppose 0 = -u*q + 13*q - 130. List the prime factors of q.
13
Let m(a) = -5*a - 14. Let y be m(-4). Suppose d = y*d - 790. List the prime factors of d.
2, 79
Suppose -p = 2*g - 4, 2*p + g - 17 = -p. Let k be (-129)/(-2) - p/(-4). Let h = k - 38. What are the prime factors of h?
2, 7
Let k(u) = u**2 + 9*u + 23. Let z be k(-7). Suppose -z*f + 2*f = -1134. What are the prime factors of f?
2, 3
Let l = 38 + -12. Suppose s - 6*s + 2*a = -l, -2 = -a. Let b = 3 + s. What are the prime factors of b?
3
Suppose 127*n - 78*n = 128527. List the prime factors of n.
43, 61
Let r = -117 + -8. Let i = r - -305. What are the prime factors of i?
2, 3, 5
Let j be 2/8 - (-25)/(-40)*-1382. Suppose -j = -5*g - g. What are the prime factors of g?
2, 3
Let u = -1442 - -2225. List the prime factors of u.
3, 29
Suppose 31*j - 10213 - 12231 = 0. List the prime factors of j.
2, 181
List the prime factors of 12*(1 + 188/16).
3, 17
Suppose 0 = 2*i - 1191 - 227. What are the prime factors of i?
709
Let u(l) = 19*l - 6. Let q be u(4). Let i be q/(-5)*3/(-6). What are the prime factors of (-25 + i)*(-2)/4?
3
Let l(p) = 2*p + 4*p + 10 - 1 + 5. Let y be l(7). Suppose 3*t + y = -2*u + 149, 0 = -t + 5*u + 31. List the prime factors of t.
31
Let w = -282 - -411. Suppose 10*x = 9*x + w. What are the prime factors of x?
3, 43
Let o be 6 + -2 - (-5)/(-1). Let k(z) = 8*z**2 - 2*z - 1. Let l be k(o). List the prime factors of (0 - (-66)/l)*3.
2, 11
Let h(j) = -j**3 - 3*j**2 - 2*j - 2. Let g be h(-3). Suppose -64 - 30 = 2*x + 2*k, g*k = -x - 62. Let q = 88 + x. List the prime factors of q.
2, 23
Let d = -84 + 237. What are the prime factors of (d + 3)/4 + 0?
3, 13
Suppose -29*s + 26*s = -258. Let i be (-9)/((-5)/6 - -1). Let r = i + s. What are the prime factors of r?
2
Suppose -5*c = -c + 24. Let k = c + 6. Suppose k = 5*g - 57 + 17. What are the prime factors of g?
2
Suppose 4*l - 960 = -4*p, 19*l = 14*l + 2*p + 1179. Suppose 5*f - l = -27. What are the prime factors of f?
2, 3, 7
Let i(m) be the third derivative of -m**6/120 - m**5/12 + 5*m**4/24 + 5*m**3/3 - 10*m**2. List the prime factors of i(-8).
2, 3
Let k(i) = -8*i - 25. Let g(y) = -y - 3. Let w(o) = 14*o**2 + 5*o + 5. Let u be w(-2). Let t(a) = u*g(a) - 6*k(a). List the prime factors of t(-4).
3
Let x be (-4)/(56/3045)*4/(-6). Suppose 398 = 3*v - x. List the prime factors of v.
181
Suppose -7*n + 16 + 5 = 0. Suppose -2*u - 122 = -n*x - u, 32 = x + 4*u. What are the prime factors of x?
2, 5
Let r be (-27)/6*(-2)/(-3). Let q = r - 3. List the prime factors of 14/4 - (-3)/q.
3
Let p(i) = 222*i - 238*i - 3*i**2 + 4 + 2*i**2. What are the prime factors of p(-7)?
67
Let y(v) = 7*v**2 - v + 28. Let u be y(8). Suppose 9*s - 1809 + u = 0. List the prime factors of s.
149
Suppose 8 = 4*k, -15 = -4*o + k - 1. Suppose 2*r = r + o. Suppose -3*b - 60 = -3*l - 0*l, 5*b = -r*l + 116. What are the prime factors of l?
2, 3
Let z(a) = 13*a**2 - 6*a + 139. What are the prime factors of z(12)?
7, 277
Suppose 43*p - 38*p - 2290 = 0. What are the prime factors of p?
2, 229
Let d(l) = -l**2 - 7*l + 1. Let v be d(-6). Suppose -300 = -v*q + 2*q. What are the prime factors of q?
